 the prime factors of q.
2, 113
Let u(t) = t**3 - 19*t**2 + 121*t + 23. What are the prime factors of u(16)?
3, 397
Let r = 64 - -294. List the prime factors of r.
2, 179
Let d(u) = -55*u - 33. List the prime factors of d(-7).
2, 11
Let v(k) = -k**2 - 15*k - 17. Let t be v(-14). Let f be -1*(-6 - (-4 - t)). Suppose -f*j + 10 = 0, -5*d + 0*d + 4*j + 2 = 0. List the prime factors of d.
2
Suppose 468 + 288 = 6*n. Let x = 246 - n. What are the prime factors of x?
2, 3, 5
List the prime factors of (839/(-2))/(-2 - (-18)/12).
839
Let f be (-3)/(-3) - 6/(-3). Suppose -4*u - 5*m + 173 = 29, 3*u - f*m = 135. What are the prime factors of u?
41
Suppose k + 5*d - 56 = 0, -380 = -5*k - 0*k - 5*d. Let s = k - 12. What are the prime factors of s?
3, 23
Let x be 8 + -11 + 2 + 1. Suppose -3*i = -5*i - 4. What are the prime factors of i - (-7 - x - 2)?
7
Let q = -13 - -27. Let s = -44 + 46. List the prime factors of (-48)/(-28)*q/s.
2, 3
Suppose -21*l + 1326 = -10665. What are the prime factors of l?
571
Let w = -336 + 504. Suppose -10*s = -4*s - w. Let l = -3 + s. What are the prime factors of l?
5
Let s be 396/12 + -1 + 0. What are the prime factors of (-3)/(-4) + 232/s?
2
Suppose -o - 293 = -g + 1064, 0 = -o - 1. What are the prime factors of g?
2, 3, 113
Let c(p) = p**3 - 6*p**2 - 12*p + 1. Let m be c(8). Suppose 0*k = -3*k + m. What are the prime factors of k?
11
Let f(u) = 2*u - 24. Let n be f(-3). What are the prime factors of (-1898)/(-12) + -4 + (-115)/n?
2, 79
Let r(n) = 8*n**3 - 20*n**2 - 19*n + 12. What are the prime factors of r(10)?
2, 41, 71
Suppose 5*w = -11*w + 53808. What are the prime factors of w?
3, 19, 59
Let k(l) be the second derivative of l**4/12 + 7*l**3/6 - 31*l**2/2 + 26*l. What are the prime factors of k(7)?
67
Suppose 4*m = 4*g + 2996, 4*m - 9*m + 3757 = -g. What are the prime factors of m?
2, 47
Suppose 0 = 5*a - 5*v - 1375, 5*a - 1393 = 7*v - 11*v. List the prime factors of a.
277
Let y(a) = -a**3 + 27*a**2 - 46*a - 16. What are the prime factors of y(20)?
2, 233
Suppose a + 5 = -0*a. What are the prime factors of a/15 + 98/6?
2
Let p(b) = 11*b + 1 - 4 - 12*b + 4. Let n be p(-2). Let k = 18 + n. What are the prime factors of k?
3, 7
Let k = 3 + 0. Suppose 0 = -2*z + 2*v + 42, -k*z - 26 = -5*z - 2*v. Suppose 0 = 2*d - u - 26, 0 = -2*d - 2*u + 21 + z. List the prime factors of d.
3, 5
Let k = -1 + 4. Let h(g) = 11*g - 1. Let j be h(k). Let n = j + -21. What are the prime factors of n?
11
Suppose 2*j = 1917 - 403. What are the prime factors of j?
757
Let z be (-200)/(-75) + (-4)/(-3). List the prime factors of (-44)/(-2) - z/((-6)/3).
2, 3
Let o = 60 + -44. Let t be 2 - (3 + (-2 - -2)). Let l = o + t. What are the prime factors of l?
3, 5
Suppose 2*a + 3*a + 11 = 4*r, -a = -3*r + 11. List the prime factors of (-74)/(-4) - a/2.
2, 3
Suppose 20 = 4*f, 4*g = -2*f + 201 - 27. Suppose 46*n = g*n + 295. What are the prime factors of n?
59
What are the prime factors of -10*(1287/6)/(-13)?
3, 5, 11
Suppose 11*g - 14*g = 2*l - 3060, -4*l - 1006 = -g. What are the prime factors of g?
2, 509
Suppose -y + 7 = -2*s, 0 = s + 3 - 1. Suppose -4*w + 52 = r, 0*r + 4*w - 164 = -y*r. List the prime factors of r.
2, 7
Let w = 1125 - 329. What are the prime factors of w?
2, 199
Let g(t) be the third derivative of -1/120*t**6 + 5*t**2 + 0*t + 0*t**4 + 0 + 1/60*t**5 + 10/3*t**3. List the prime factors of g(0).
2, 5
What are the prime factors of (-4)/(-24)*-303*(2 + -40)?
19, 101
What are the prime factors of (141 + 1593)/((-2)/(-3))?
3, 17
Let g(c) = c**3 + 20*c**2 + 11*c + 14. Let d(b) = b**3 + 19*b**2 + 10*b + 13. Let i(h) = -4*d(h) + 3*g(h). List the prime factors of i(-16).
2, 3, 17
Suppose 2*q + 2*b - 1950 = 0, -2*b + 978 = q - 0*q. Suppose 37*w = 41*w - q. What are the prime factors of w?
3
What are the prime factors of 2717424/1296 - (1 + 22/(-18))?
3, 233
Suppose 25*k + 6 = 22*k. What are the prime factors of k + (1*108)/3?
2, 17
Suppose 3*s = -3*n + 1593, -3*s - 4*n + 7*n = -1575. What are the prime factors of s?
2, 3, 11
Suppose 4*c - 4*v = -136, -v - 36 = 5*c + 110. Let l be 1106/21 + 4/(-6). Let g = c + l. List the prime factors of g.
2, 11
Let u(i) = -193*i - 938. List the prime factors of u(-13).
1571
List the prime factors of 5536/10 - 8/((-40)/(-3)).
7, 79
List the prime factors of (-8)/64 - -2270*21/48.
3, 331
Suppose c = 2*z + 24, -c = -2*z - 2*c - 16. Let l(j) = -j + 9. Let i be l(z). Suppose -x = -41 - i. What are the prime factors of x?
2, 3, 5
Suppose 0 = 19*f - 13712 + 4668. List the prime factors of f.
2, 7, 17
What are the prime factors of (-3)/(-2 + (-1638)/(-822))?
3, 137
Let s(d) = -11*d**2 - 2*d - 1. Let c be s(2). Let y = c - -87. List the prime factors of y.
2, 19
Suppose 8 + 6 = 2*j + 3*i, 0 = -j + 2*i. Suppose -20 = 4*n, -j*a + 170 - 35 = n. Let u = a - -38. What are the prime factors of u?
73
Let d be 4/(-10) + 7 + (-7931)/35. Let v = 445 + d. What are the prime factors of v?
3, 5
Let a(z) = 20*z**2 + z - 1. Let w be a(1). List the prime factors of ((-392)/20)/((-8)/w).
7
Let k(q) = 20*q**2 + 5*q - 5. Let d be k(2). Suppose -r + 5*f + 37 = 0, -4*r + d = -f + 2*f. What are the prime factors of r?
2, 11
Suppose 0*o - 2 = -o, -o = 5*w - 37. Suppose -47 + w = -5*v. Suppose 0 = v*n - 7*n - 6. What are the prime factors of n?
2, 3
Suppose -6*q + 400 + 218 = 0. What are the prime factors of q?
103
Let y = -1160 + 2053. List the prime factors of y.
19, 47
Suppose -27 = -3*k - 159. What are the prime factors of 11/(k/(-120)) + -2?
2, 7
List the prime factors of 3270/20 + (-12)/8.
2, 3
Suppose -2*u - 5*z = 4 + 5, u - z = -1. Let i(q) = q**3 - 6*q**2 + 4*q + 1. Let x be i(5). Let p = u - x. What are the prime factors of p?
2
Let z = 12 - 9. Suppose -w - 4 = -z*w, -w - 3 = 5*h. Let p = 9 - h. What are the prime factors of p?
2, 5
Let i be 7/14 - (-1062)/4. Let k be i/63 - 2/9. Suppose 0 = 10*x - k*x - 120. What are the prime factors of x?
2, 5
Let a = -31 + 33. Let h(s) = -2*s + 2. Let d be h(-1). Suppose 3*n - 119 = -a*b - 2*n, -d*n = 12. List the prime factors of b.
67
Let i(l) = l**3 - 3*l**2 + 2*l + 2. Let j be i(2). Suppose -264 = -3*a - 3*v, 0 = 4*a - j*v - v - 324. Let x = 119 - a. List the prime factors of x.
5, 7
Let o(f) = -f**3 - 15*f**2 - f - 1. Let c be 1/(-3 - 176/(-60)). What are the prime factors of o(c)?
2, 7
Let a = -64 - -80. List the prime factors of a.
2
Let w be (0 - -3) + -2 - 0. Let c(y) be the first derivative of 11*y**2/2 - 9. What are the prime factors of c(w)?
11
What are the prime factors of 1 + (-4624)/(-2) + (-3 - 5)?
5, 461
Suppose u + 4 = -13. Let h = u - -20. Suppose -h*k + 11 + 4 = 0. List the prime factors of k.
5
Let l(i) = -107*i**3 + i**2 - 2*i + 1. Suppose 0 = 4*s - 1 - 7. Let b be l(s). What are the prime factors of (-1)/5 - b/25?
2, 17
Let c(j) = -3*j**2 + 3*j**2 - 1 + j**2 - j. Let h be c(-4). Suppose s - h = -q, 2*s + 15 - 50 = -3*q. What are the prime factors of s?
2, 11
Let p = 290 - -1420. List the prime factors of p.
2, 3, 5, 19
Let d(x) = 8*x**3 + x - 1. Let y be d(1). Suppose y = 4*w, i = w + 3*w + 71. What are the prime factors of i?
79
Let t = -349 - -478. List the prime factors of t.
3, 43
Let s = -350 - -333. Suppose 186 + 74 = -5*i. Let a = s - i. List the prime factors of a.
5, 7
Suppose 0 = -5*p + 15, -i + p = -4*p + 78. List the prime factors of 144/42*i/(-6).
2, 3
What are the prime factors of (1005/2)/(3 + (-35)/14)?
3, 5, 67
Let j(k) = -k**2 + 141*k + 193. What are the prime factors of j(49)?
3, 1567
Let s(p) be the first derivative of -p**4/4 - 2*p**3 - 3*p**2/2 + 6*p + 3. Let a be s(-5). Let h(o) = o**3 + 4*o**2 - 7*o - 5. List the prime factors of h(a).
23
Suppose -239*g = -226*g - 35464. List the prime factors of g.
2, 11, 31
Let s(a) = -a**2 + 7*a + 22. Let t be s(9). Suppose 0 = -t*j + 2*k + 82, 2*j + 2*k = -k + 29. List the prime factors of j.
19
Let o be (7 - 4)/3*2. List the prime factors of 4/(8/65)*o.
5, 13
Let b(z) = z**3 - 7*z**2 - 4. Let k = 34 + -27. Let u be b(k). List the prime factors of (-728)/(-21)*(-6)/u.
2, 13
Suppose 0 = 4*u + 19 - 91. Let v(k) = k**2 - 5*k - 2. Let p be v(5). Let m = u + p. List the prime factors of m.
2
List the prime factors of (-115263)/(-54) + (9/6)/1.
2, 3, 89
Let n = -23 + 29. What are the prime factors of 362/n*(-12)/(-4)